202. Is f a prime number?
False
Suppose -2*f = -6*f - 3*w + 37, -5*f + 52 = -2*w. Let j(s) = s**2 - 5*s - 13. Is j(f) a composite number?
False
Let o = 6 - 4. Suppose 3*d - 5 = o*d. Suppose d*x - 147 = -2*j, 5*x - 117 - 42 = j. Is x composite?
False
Suppose 8*y = 5*y - 741. Is 4/(-14) + y/(-7) a composite number?
True
Suppose 0*x + 69 = x - 5*g, 3*x - 4*g - 229 = 0. Is x a composite number?
False
Let z(h) = 7*h**2 + 6*h + 9. Let r(o) = -3*o**2 - 3*o - 4. Let n(k) = -5*r(k) - 2*z(k). Let c be n(3). Is (87/12 - 3)*c prime?
False
Let i be 4/(-10) + (-3)/5. Let d = 9 - 5. Is 596/16 + i/d prime?
True
Let j be (-6)/(-21) + 19/7. Let x(k) = -5*k**2 - k**j + 2*k**2 + 1 + 2*k**2. Is x(-3) prime?
True
Suppose 5*f = -3*y + 4*y - 24265, -4*f + 5*y - 19433 = 0. Is 1/((-4856)/f + -1) composite?
False
Let f = 298 - 197. Let w = 196 - f. Suppose 4*q + 11 = w. Is q a composite number?
True
Is 1479/27 + (-4)/(-18) prime?
False
Let x(w) = -w**3 - 12*w**2 - 8*w - 4. Let i be x(-11). Let z = i - -95. Is z prime?
False
Let k(y) be the second derivative of y**3/3 + 2*y**2 + 2*y. Let s be k(-3). Is 2 - -9*(s + 3) prime?
True
Suppose -3*u + 44 = -i, -3*u + 7*u - 68 = -i. Suppose 0*g = -g + 1, -u = -w + 5*g. Is w a prime number?
False
Is 4 - (0 - (-102)/(-3)) prime?
False
Let a(y) = 5*y**2 - 3*y - 3. Suppose v - 2*q + 5 - 14 = 0, 4*q + 15 = v. Is a(v) composite?
True
Let j be (-18)/(-10) - (-1)/5. Is 1/(j - (-7)/(-4)) composite?
True
Suppose 0 = -4*s + 2*s + 1598. Is s composite?
True
Let w(t) = t**2 + 12*t + 15. Let x be w(-11). Suppose o + 39 = x*o. Suppose -3*j - 5*l - 16 = 0, -5*l + o = 38. Is j composite?
False
Let v = 3 - 1. Suppose 2*q - j = 70, 5*q - 185 = 3*j + v*j. Is q a composite number?
True
Suppose s = -j + 385, 5*s + 3*j - 1244 = 689. Suppose 4*v = 3*l + 520, 3*v + 2*l = 4*l + s. Is v a composite number?
False
Let y = -1 - -4. Suppose -5*f = -4*d + 1 - 16, 3*d - 9 = -y*f. Let g(x) = 3*x**2 + x + 3. Is g(f) a prime number?
False
Let r = 17 - 32. Let c = 10 - r. Is c composite?
True
Let j = -231 - -562. Is j composite?
False
Let f(x) = x**3 + 4*x**2 + 2*x. Let r be f(-3). Suppose -13 - r = -2*b. Is (-2346)/(-24) + (-6)/b prime?
True
Suppose 0 = 2*r - 2 - 4. Let n be -2 + r - (1 - -127). Is (3 + -2)*-1*n a composite number?
False
Let y(c) be the second derivative of c**5/5 + c**4/12 + c**2/2 - 3*c. Is y(2) a prime number?
True
Suppose 3*k - 1383 = 150. Is k a prime number?
False
Let u(w) = -w**2 - 13*w + 9. Is u(-11) prime?
True
Let h(m) be the third derivative of 5*m**4/3 - m**3/6 - m**2. Let k(p) = -p - 4. Let y be k(-6). Is h(y) composite?
False
Let u be -3 - ((-36)/4)/3. Suppose -w + u + 185 = 0. Is w prime?
False
Suppose -3 = 4*q - 23. Suppose q*a + v - 457 = 4*v, 2*a = -5*v + 158. Suppose t - a = -m + 76, 5*m - 793 = 3*t. Is m a composite number?
True
Let z(y) = -4*y + 2 + 0*y**2 - y**2 + 0. Let a be z(-4). Suppose -a*b + 4*j = -32, 2*b - b + j = 25. Is b a prime number?
False
Suppose 0*s = 3*s - 168. Let j = -1 + 0. Let v = j + s. Is v composite?
True
Suppose -6*a = -2*a + 1260. Let m = a + 608. Is m a composite number?
False
Suppose -4*y - 1 + 13 = 0. Suppose -4 = -y*d + 20. Is (226/d)/(1/4) composite?
False
Let f = -39 + 160. Suppose -f = 4*h - 801. Let w = h - 85. Is w a prime number?
False
Suppose -1065 = -7*w + 2*w. Is w composite?
True
Suppose 0 = 5*n - 2*q - 20, -n - 3*q + 4*q + 7 = 0. Suppose -5*d + 0*d = 2*w - 281, 5*d - n*w - 269 = 0. Is d composite?
True
Let f(g) = 901*g + 12. Is f(2) a composite number?
True
Suppose 4*w + 3*m + 2*m = 816, 3*w - 631 = m. Is w a composite number?
True
Suppose -436 = -2*c - 0*f - 3*f, -3*c + 657 = 3*f. Is c prime?
False
Suppose 0 = -2*s - s + 3603. Is s composite?
False
Let g(h) = -h + 1. Let m be g(1). Let o be m/1 + (-1214)/(-1). Suppose -5*b - 189 = -o. Is b composite?
True
Suppose 3*c - 379 = -s, -1756 = -5*s + c + 107. Is s a prime number?
True
Let z(x) = 4*x**2 + 5*x - 5. Let t = -29 - -18. Let f = t + 15. Is z(f) composite?
False
Let y be 55/(-10) - (-2)/(-4). Is ((-195)/y)/((-4)/(-8)) a composite number?
True
Let l(c) be the third derivative of 5/24*c**4 + 0 + 2*c**2 + 0*c - 1/3*c**3. Is l(5) prime?
True
Let d = 0 - -2. Suppose -2*k - d*o - 162 = -4*k, -63 = -k - 5*o. Let q = 113 - k. Is q prime?
False
Let q(v) = -v**3 + 12*v**2 - 11*v + 1. Let f(s) = -s + 4. Suppose 4*a + 12 = -12. Let t be f(a). Is q(t) composite?
True
Let n(s) = s**2 - 8*s + 10. Let c(v) = 10*v**2 + v. Let y be c(-1). Let a be n(y). Suppose -3*r = -7 + a, -2*m + 88 = -3*r. Is m a prime number?
False
Let m be (5 + -4)/((-1)/(-5)). Suppose m*j - 716 = j. Suppose -v - j = -5*v - 3*n, -4*v = -3*n - 197. Is v composite?
False
Let r(t) = 2*t**2 - 9*t + 6. Let j be r(8). Suppose 5*u - 237 = -j. Is u a composite number?
True
Suppose -252 - 222 = -2*d. Is d prime?
False
Suppose -d = 3*d. Let u be (-1 - d - -1)/(-2). Suppose -72 = -q + o + 22, u = -2*q - 2*o + 176. Is q prime?
False
Let q(l) = -42*l + 9. Is q(-4) a composite number?
True
Let h(w) = -w**2 - 7*w - 5. Let m be h(-9). Let p = m + 52. Suppose -7*s + 3*s - 31 = -3*k, 3*k - p = 2*s. Is k composite?
True
Suppose -2*c + 326 = -3*p, -p + 825 = 5*c - 6*p. Is c a prime number?
False
Is (53*24)/2 + -1 composite?
True
Suppose 2*s - 128 = s. Suppose -3*x - x = -s. Let w = -17 + x. Is w a composite number?
True
Let y = 1957 - 1148. Is y composite?
False
Let g be 14*(-1 + 2/4). Let h(b) = -39*b - 8. Is h(g) prime?
False
Let h(a) = 3*a**2 + 2*a**2 - 7 - 4*a**2 - 2*a + 109*a**3 + 8. Is h(1) a composite number?
False
Let x be 1/((-3)/(-18)*3). Suppose 3*q + x = q. Let s(f) = -119*f. Is s(q) a composite number?
True
Suppose -w = 8 - 57. Suppose 0 = -3*k + w - 7. Is k composite?
True
Let v be -1*3/3*-3. Let h(z) = 0 - 14*z - z**2 + 0*z**2 + 6 - v. Is h(-10) prime?
True
Let b = 6231 - 4052. Is b a prime number?
True
Suppose -251 - 4 = -5*g. Is g a prime number?
False
Let d(y) = y**3 + y + 1. Let l(h) = h**3 - h. Let a(n) = -d(n) - 4*l(n). Is a(-4) a prime number?
True
Let i = 5 - 3. Suppose 0 = -i*m - 2*m + 40. Is ((-42)/m)/((-1)/5) composite?
True
Suppose 4*j = -66 + 26. Let y be 3 + -4 - (-1 + -125). Let r = j + y. Is r prime?
False
Suppose -3*g + 10 = -35. Suppose 8 = 3*m - 5*l, -20 = -4*m - 4*l + 6*l. Let o = g + m. Is o a prime number?
False
Suppose 0 = -t - 0*t + 1, -4*t - 12 = -2*x. Suppose -1 - 3 = -2*i. Is 62*i*2/x a prime number?
True
Suppose -4652 = -23*j + 19*j. Is j prime?
True
Let h(w) = w**2 - 3*w + 1. Is h(10) a prime number?
True
Let w(o) = -2*o. Let r be w(-2). Suppose 2*a - 5*b = 409, -5*a + r*b + 600 + 431 = 0. Suppose 4*g - a = g. Is g a prime number?
False
Suppose 3*m + m = 24. Let h(z) = 0 + m*z**2 + 2*z + 7 + 3*z**3 - 4*z**3. Is h(6) a composite number?
False
Let u be ((-3)/(-1) + -71)*-2. Let f = u + -21. Is f composite?
True
Suppose -m - 4*m = -15. Let q(f) = 5*f**2 - 2*f - 2 + f**m - 5*f**2. Is q(3) composite?
False
Let w be ((-260)/12)/(1/(-6)). Suppose -w - 94 = -2*t. Let o = -65 + t. Is o prime?
True
Suppose -7 = 4*h + 9. Is h - -22 - (4 + -1) prime?
False
Let s be 3/6 - 3/2. Let m be 0*(2 + -2 - s). Suppose -j - 8 + 21 = m. Is j composite?
False
Suppose 4*d = 2*k + 7*d + 39, 0 = -4*k + 3*d - 33. Let f = 225 + k. Is f prime?
False
Suppose t = -3*q + 7, 2*q + 9 = -q + 3*t. Let w be ((-21)/(-2))/((-1)/(-2)). Is ((-6)/(-9))/(q/w) composite?
True
Suppose -4*l + 3 = 11. Let s be l/(-9) - (-16)/9. Suppose 0*h = -t + 2*h + 21, -s*t - h + 67 = 0. Is t prime?
True
Let i be ((-4)/6)/(4/(-11046)). Let s = i - 360. Is s a composite number?
False
Let a(k) = k + 2. Let u be a(-2). Suppose l = -u*l - 5. Let f = l - -31. Is f composite?
True
Suppose 4*k = 2*k - 2. Let o(b) = 2 + b + 0 - 2 + 12*b**2. Is o(k) a composite number?
False
Suppose 492 = 4*s - 104. Is s composite?
False
Suppose 8 = d + 3*d. Suppose -d*t + 79 = -t. Is t prime?
True
Suppose 0 = 4*d - 5*i - 1318, 3*d + 4*i - 973 = -0*d. Is d a prime number?
False
Suppose 0 = 8*c - 3*c + 5. Is c + (221 - -1) - -2 a prime number?
True
Let x = 116 + -63. Is x prime?
True
Suppose -192 = -5*m + 863. Is m composite?
False
Let x = -2 - 23. Let y = x + 35. Is (-19)/(2 + (-22)/y) prime?
False
Suppose 2*f - 6*f + 1684 = 0. Suppose 4*b = -5*n + f, -5*b + 61 = -3*n + 321. Is n composite?
True
Let k(g) = g**3 + 2*g**2 + 7*g - 7. Suppo